hat is -5a + 1?
-59
In base 3, what is -20 - -1102?
1012
In base 10, what is -33 - -1?
-32
In base 7, what is -1 + 226?
225
In base 3, what is -2 - -100?
21
In base 3, what is 121001 + -2?
120222
In base 8, what is -4 + -6?
-12
In base 10, what is -78 - 83?
-161
In base 8, what is 1212 + -1?
1211
In base 15, what is 0 + 466?
466
In base 9, what is 383 + -4?
378
In base 15, what is 0 + -21bb?
-21bb
In base 12, what is -15 + -4?
-19
In base 2, what is 111 - 110100?
-101101
In base 7, what is 1 + 251?
252
In base 14, what is -63 - 8?
-6b
In base 15, what is -2 + a1?
9e
In base 14, what is -5d1 + 26?
-5a9
In base 3, what is 1112 - 110?
1002
In base 8, what is 0 - 464?
-464
In base 16, what is 15 - 32?
-1d
In base 4, what is -1 + -1302?
-1303
In base 2, what is 0 - -100100?
100100
In base 11, what is -68 + 4?
-64
In base 9, what is 0 + 214?
214
In base 6, what is 1050 + 3?
1053
In base 5, what is -33221 - 1?
-33222
In base 5, what is -20 + -21400?
-21420
In base 11, what is -2917 - -3?
-2914
In base 13, what is 14 - -428?
43c
In base 4, what is 10 + 13321?
13331
In base 11, what is 5 - 118?
-113
In base 6, what is -31 + -2?
-33
In base 4, what is -100112 - -11?
-100101
In base 4, what is -131 + 3?
-122
In base 11, what is 1 - -556?
557
In base 12, what is -2a8b - -3?
-2a88
In base 11, what is -290 + -5?
-295
In base 6, what is -12103 + -1?
-12104
In base 5, what is -204344 - -10?
-204334
In base 12, what is -3 + -22b?
-232
In base 11, what is -4a0 + 5?
-496
In base 4, what is 23 + -120?
-31
In base 7, what is 15 + 31?
46
In base 7, what is 4 + -13?
-6
In base 8, what is 1474 + 26?
1522
In base 16, what is 1ef + 14?
203
In base 12, what is 5 - 120?
-117
In base 15, what is -23 + -40?
-63
In base 10, what is -299 + -73?
-372
In base 8, what is 2374 - 16?
2356
In base 16, what is -a - -8?
-2
In base 5, what is 0 + -122023?
-122023
In base 7, what is -445 - 1?
-446
In base 6, what is 13 - 1?
12
In base 7, what is -550 - -4?
-543
In base 13, what is -8b - -2?
-89
In base 10, what is 2119 + 4?
2123
In base 7, what is -6345 - 1?
-6346
In base 12, what is 14 + 1?
15
In base 16, what is -d0 + -6?
-d6
In base 13, what is -6b52 + 0?
-6b52
In base 13, what is 668 + 2?
66a
In base 13, what is 2 - -14c6?
14c8
In base 2, what is -100010 + -11?
-100101
In base 6, what is 2433 + 3?
2440
In base 2, what is 100111 - 11000?
1111
In base 12, what is -46 - 3?
-49
In base 13, what is 3 + -51b?
-518
In base 14, what is 4 - 6d?
-69
In base 8, what is -2567 - 27?
-2616
In base 2, what is 101 + -11101?
-11000
In base 2, what is -100 - -1010100010?
1010011110
In base 2, what is 0 + -1010110101?
-1010110101
In base 7, what is -1 - -56?
55
In base 15, what is -2 + -119?
-11b
In base 16, what is -13 - 35?
-48
In base 11, what is -25 + 194?
16a
In base 5, what is -4 + -21?
-30
In base 3, what is -2 - 12222?
-20001
In base 3, what is 1101 - 2000?
-122
In base 14, what is 36d - 3?
36a
In base 2, what is 11010010 + -101?
11001101
In base 6, what is -41 + -2?
-43
In base 16, what is -8 - ad?
-b5
In base 16, what is -6783 - -4?
-677f
In base 15, what is -3 - -83?
80
In base 15, what is -1 + -76b?
-76c
In base 8, what is 1 - -272?
273
In base 8, what is 77 - -2?
101
In base 14, what is -1694 + -2?
-1696
In base 3, what is -21 - -2020?
1222
In base 9, what is 1325 - 2?
1323
In base 10, what is -3 + -8?
-11
In base 14, what is 3 + 1614?
1617
In base 10, what is -5 - -240?
235
In base 6, what is 13051 + -15?
13032
In base 4, what is -13 - -112?
33
In base 12, what is -1a - -357?
339
In base 11, what is 568a - -4?
5693
In base 9, what is 25 + -7?
17
In base 12, what is -161 + -33?
-194
In base 12, what is 4 + -97?
-93
In base 4, what is 10 - 10?
0
In base 2, what is -1110 - -1011011?
1001101
In base 6, what is -4 - 10431?
-10435
In base 3, what is 110 + -2010?
-1200
In base 4, what is 2103 - 232?
1211
In base 5, what is 23 - -4442?
10020
In base 14, what is 0 - 488?
-488
In base 7, what is -630 - 1?
-631
In base 6, what is 13145 - 3?
13142
In base 5, what is -13 - 11113?
-11131
In base 9, what is 3 - 170?
-166
In base 6, what is 4 + -511?
-503
In base 11, what is 2 - -1114?
1116
In base 3, what is 11212 + 0?
11212
In base 12, what is -122 + 5?
-119
In base 13, what is -8 - 29?
-34
In base 14, what is -32a8 - 4?
-32ac
In base 15, what is e5 + -2?
e3
In base 11, what is 3 - -55?
58
In base 16, what is 6 + -72?
-6c
In base 3, what is 12 + 20?
102
In base 15, what is -13 + -3?
-16
In base 14, what is 0 - 53?
-53
In base 16, what is 2 - -23b?
23d
In base 9, what is 0 - 34?
-34
In base 5, what is 1003314 - -3?
1003322
In base 13, what is 2b + -2?
29
In base 14, what is 3b51 + 1?
3b52
In base 12, what is -1 - 481?
-482
In base 7, what is 26035 + -5?
26030
In base 15, what is 1e3 + -19?
1c9
In base 2, what is 1000011110 - -11?
1000100001
In base 4, what is -1 + 3031?
3030
In base 4, what is 1 + -331?
-330
In base 9, what is -5 + -305?
-311
In base 5, what is 11 + -11001?
-10440
In base 11, what is -3 - -30a?
307
In base 7, what is 24 + -132?
-105
In base 8, what is 361 - -2?
363
In base 7, what is -114 + -10?
-124
In base 8, what is -5 + 1524?
1517
In base 5, what is 3 - 123?
-120
In base 16, what is -5 - 70?
-75
In base 16, what is 8 - 127f?
-1277
In base 5, what is 4 + 34014?
34023
In base 4, what is 33033 - 1?
33032
In base 12, what is 51 - 2?
4b
In base 14, what is -3 + 129?
126
In base 9, what is 1 + 147?
148
In base 11, what is -618 - -4?
-614
In base 12, what is -4562 - 5?
-4567
In base 16, what is 5 - 79?
-74
In base 9, what is -13 - -114?
101
In base 5, what is -200 - 131?
-331
In base 11, what is -1019 + -8?
-1026
In base 4, what is -2120 - -1213?
-301
In base 4, what is 1 - 1300?
-1233
In base 13, what is 5b + -1?
5a
In base 3, what is -21 + -1002?
-1100
In base 14, what is 16dd + -1?
16dc
In base 4, what is -13 + 11?
-2
In base 6, what is -54 + -200?
-254
In base 13, what is c + 5?
14
In base 5, what is 1043 + 1?
1044
In base 13, what is 4375 + 3?
4378
In base 14, what is d + b5?
c4
In base 9, what is 35 + -5?
30
In base 9, what is 8 - 10?
-1
In base 14, what is -5 - 0?
-5
In base 4, what is -122 + 10232?
10110
In base 6, what is -141 - -5?
-132
In base 13, what is -8a + 2?
-88
In base 11, what is 3673 + 2?
3675
In base 3, what is -10 - 1111?
-1121
In base 3, what is 1002 - 20?
212
In base 14, what is 92 - -23?
b5
In base 3, what is -2 + -2022?
-2101
In base 12, what is 8 + -189a?
-1892
In base 12, what is -5 + a?
5
In base 3, what is 2212 + 1?
2220
In base 12, what is -191 - 13?
-1a4
In base 5, what is -3 + 13?
10
In base 3, what is -1000 + 201?
-22
In base 2, what is 10 - -10001011?
10001101
In base 9, what is 1 - 70?
-68
In base 15, what is -5 - 6a?
-70
In base 13, what is 2 - c?
-a
In base 10, what is -11 - 20?
-31
In base 4, what is -12 + -2302?
-2320
In base 4, what is -13 - -131003?
130330
In base 14, what is 6 + 5?
b
In base 12, what is -2 - -132?
130
In base 13, what is 4 - 252?
-24b
In base 7, what is 20 - 1?
16
In base 14, what is 72d + -4?
729
In base 6, what is 542 + -5?
533
In base 12, what is 13 - -1ba?
211
In base 7, what is 10505 + -5?
10500
In base 16, what is 7 - 3?
4
In base 8, what is -5 - -133?
126
In base 4, what is 202112 - -10?
202122
In base 5, what is -10 + -1?
-11
In base 10, what is 358 - -1?
359
In base 14, what is 4 + -c1?
-bb
In base 4, what is 2 + -10213?
-10211
In base 12, what is -b - -17?
8
In base 6, what is -220 - -22?
-154
In base 7, what is 35 - 2?
33
In base 8, what is 5 - -173?
200
In base 16, what is 2 - 1e6?
-1e4
In base 8, what is -336 - -1?
-335
In base 10, what is 11 + -1714?
-1703
In base 7, what is 51621 + 2?
51623
In base 4, what is 10101 + 21?
10122
In base 15, what is -334 + -2?
-336
In base 13, what is 0 + 1b6?
1b6
In base 16, what is 9f - 3?
9c
In base 5, what is -3 + -12414?
-12422
In base 12, what is -9 - 63?
-70
In base 8, what is 2 + -20?
-16
In base 9, what is 3 - 0?
3
In base 10, what is 1 - -42?
43
In base 4, what is 12 - 102203?
-102131
In base 15, what is 1215 - -3?
1218
In base 7, what is 4 - -36?
43
In base 16, what is -14 + 1?
-13
In base 16, what is -4e + 4?
-4a
In base 3, what is -10020 + 1020?
-2000
In base 5, what is 22114 + -2?
22112
In base 2, what is -110101 + -111?
-111100
In base 9, what is -414 - 3?
-417
I